{"id":22,"date":"2015-08-18T11:13:57","date_gmt":"2015-08-18T09:13:57","guid":{"rendered":"http:\/\/demo.monikashalsa.com\/?page_id=22"},"modified":"2021-08-19T14:52:59","modified_gmt":"2021-08-19T12:52:59","slug":"massage","status":"publish","type":"page","link":"http:\/\/monikashalsa.com\/?page_id=22","title":{"rendered":"Klassisk massage"},"content":{"rendered":"<figure id=\"attachment_42\" aria-describedby=\"caption-attachment-42\" style=\"width: 300px\" class=\"wp-caption alignright\"><img loading=\"lazy\" decoding=\"async\" class=\"wp-image-42 size-medium\" src=\"http:\/\/www.monikashalsa.com\/wp-content\/uploads\/2015\/08\/klassisk-300x300.jpg\" alt=\"klassisk\" width=\"300\" height=\"300\" srcset=\"http:\/\/monikashalsa.com\/wp-content\/uploads\/2015\/08\/klassisk-300x300.jpg 300w, http:\/\/monikashalsa.com\/wp-content\/uploads\/2015\/08\/klassisk-150x150.jpg 150w, http:\/\/monikashalsa.com\/wp-content\/uploads\/2015\/08\/klassisk.jpg 720w\" sizes=\"auto, (max-width: 300px) 100vw, 300px\" \/><figcaption id=\"caption-attachment-42\" class=\"wp-caption-text\"><em>St\u00e4m m\u00f6te med dig sj\u00e4lv<\/em><\/figcaption><\/figure>\n<p>Djupg\u00e5ende, behandlande massage frig\u00f6r hormonet Oxytocin, som ger oss k\u00e4nslan av lugn och ro och avslappning. Blodtryck och puls sjunker. Massage mjukar upp sp\u00e4nda muskler, \u00f6kar blodcirkulationen och frig\u00f6r slaggprodukter. Massage \u00f6kar stimulansen av det lymfatiska systemet och st\u00e4rker d\u00e4rmed kroppens immunf\u00f6rsvar.<\/p>\n<p>Behandling av nacke, axlar, rygg 50 minuter, kr 600:-<br \/>\nBehandling av hela kroppen 90 minuter, kr 900:-<\/p>\n<p>Utbildning Massageterapeut av Europeiska Massage Akademin 2002<\/p>\n<p>Monikas H\u00e4lsa har Patient- &amp; Ansvarsf\u00f6rs\u00e4kring samt innehar F-skattsedel.<\/p>\n","protected":false},"excerpt":{"rendered":"<p>Djupg\u00e5ende, behandlande massage frig\u00f6r hormonet Oxytocin, som ger oss k\u00e4nslan av lugn och ro och avslappning. Blodtryck och puls sjunker. Massage mjukar upp sp\u00e4nda muskler, \u00f6kar blodcirkulationen och frig\u00f6r slaggprodukter. Massage \u00f6kar stimulansen av det lymfatiska systemet och st\u00e4rker d\u00e4rmed kroppens immunf\u00f6rsvar. Behandling av nacke, axlar, rygg 50 minuter, kr 600:- Behandling av hela kroppen &hellip; <a href=\"http:\/\/monikashalsa.com\/?page_id=22\" class=\"more-link\">Forts\u00e4tt l\u00e4sa <span class=\"screen-reader-text\">Klassisk massage<\/span><\/a><\/p>\n","protected":false},"author":4,"featured_media":0,"parent":0,"menu_order":0,"comment_status":"closed","ping_status":"open","template":"","meta":{"footnotes":""},"class_list":["post-22","page","type-page","status-publish","hentry"],"aioseo_notices":[],"_links":{"self":[{"href":"http:\/\/monikashalsa.com\/index.php?rest_route=\/wp\/v2\/pages\/22","targetHints":{"allow":["GET"]}}],"collection":[{"href":"http:\/\/monikashalsa.com\/index.php?rest_route=\/wp\/v2\/pages"}],"about":[{"href":"http:\/\/monikashalsa.com\/index.php?rest_route=\/wp\/v2\/types\/page"}],"author":[{"embeddable":true,"href":"http:\/\/monikashalsa.com\/index.php?rest_route=\/wp\/v2\/users\/4"}],"replies":[{"embeddable":true,"href":"http:\/\/monikashalsa.com\/index.php?rest_route=%2Fwp%2Fv2%2Fcomments&post=22"}],"version-history":[{"count":12,"href":"http:\/\/monikashalsa.com\/index.php?rest_route=\/wp\/v2\/pages\/22\/revisions"}],"predecessor-version":[{"id":182,"href":"http:\/\/monikashalsa.com\/index.php?rest_route=\/wp\/v2\/pages\/22\/revisions\/182"}],"wp:attachment":[{"href":"http:\/\/monikashalsa.com\/index.php?rest_route=%2Fwp%2Fv2%2Fmedia&parent=22"}],"curies":[{"name":"wp","href":"https:\/\/api.w.org\/{rel}","templated":true}]}}